(44).
342
Let f(y) = -2*y**3 + 52*y**2 - 17*y + 19. Give f(26).
-423
Let o(q) = q**2 - 61*q - 1138. What is o(-15)?
2
Let f(b) = 78*b + 13. What is f(0)?
13
Let u(r) = r**2 - 4*r - 5. Calculate u(-1).
0
Let r(f) = -f**2 - 12*f - 15. What is r(-14)?
-43
Let l(y) = 5*y**2 + 25*y + 47. Give l(-2).
17
Let x(n) = -22*n**2 + 25*n - 45. Give x(2).
-83
Let s(x) = -2*x**3 + 5*x**2 + 44*x + 10. Determine s(6).
22
Let c(z) = 14*z - 560. Calculate c(6).
-476
Let p(s) = 4252*s + 21255. Give p(-5).
-5
Let b(w) = -3976*w - 19869. What is b(-5)?
11
Let z(p) = 2*p**3 - 97*p**2 + 181*p - 4. Give z(2).
-14
Let j(z) = 10*z**2 + 37*z - 59. What is j(-5)?
6
Let a(l) = -2*l - 26. What is a(-17)?
8
Let q(k) = k**3 + 19*k**2 + 76*k - 36. What is q(-13)?
-10
Let v(g) = 822*g - 1696. Calculate v(2).
-52
Let n(c) = c**3 - 41*c**2 + 47*c - 284. What is n(40)?
-4
Let q(k) = -k**2 + 10*k + 308. Give q(0).
308
Let t(r) = r**3 - 14*r**2 + 102*r - 380. Give t(8).
52
Let w(b) = 6431*b + 25719. Calculate w(-4).
-5
Let j(d) = d**3 + 17*d**2 - 93*d + 43. Give j(4).
7
Let l(j) = 2*j**3 + j**2 - 7*j - 2. Give l(4).
114
Let q(j) = -j**2 - 17*j + 572. Give q(-39).
-286
Let i(n) = 122*n - 1692. What is i(12)?
-228
Let u(m) = -m + 21. Give u(-31).
52
Let k(j) = 4*j**2 - 16*j - 268. Determine k(12).
116
Let w(d) = d**3 - 44*d**2 - 97*d + 21. Calculate w(46).
-209
Let a(p) = -5546*p + 5606. What is a(1)?
60
Let k(t) = 713*t - 2843. Determine k(4).
9
Let k(w) = -w**2 - 17*w - 14. Determine k(0).
-14
Let i(x) = -x**3 + 9*x**2 + 10*x + 149. Give i(11).
17
Let h(w) = w**3 - 45*w**2 - 46*w + 2. Calculate h(46).
2
Let f(c) = -363*c + 16698. What is f(46)?
0
Let z(s) = 13*s**2 + 26*s - 11. What is z(-4)?
93
Let s(q) = 9*q + 663. Determine s(-71).
24
Let t(j) = 4056*j + 40600. Determine t(-10).
40
Let n(g) = 3*g**3 - 23*g**2 - 52*g + 331. What is n(8)?
-21
Let a(t) = -t**3 - 7*t**2 + 258*t + 1581. Give a(-6).
-3
Let n(w) = w**3 + 15*w**2 - 13*w - 526. What is n(-15)?
-331
Let u(p) = 25*p**2 + 1174*p - 85. Give u(-47).
-38
Let q(r) = -r**3 - 6*r**2 - 51*r - 1845. Calculate q(-13).
1
Let s(k) = 842*k + 847. Give s(-1).
5
Let m(a) = -2*a**3 - 14*a**2 - 27*a - 91. Give m(-6).
-1
Let a(h) = 6*h**3 - 19*h**2 + 4*h - 6. Give a(3).
-3
Let w(q) = 9*q**2 - 92*q - 78. What is w(11)?
-1
Let q(u) = 14*u**2 + 335*u + 821. What is q(-21)?
-40
Let p(o) = -3*o**2 - 26*o + 81. Calculate p(-12).
-39
Let f(r) = 52*r - 105. Give f(2).
-1
Let k(q) = -q**3 - 15*q**2 - 31*q - 26. Calculate k(-13).
39
Let h(o) = -2*o**2 + 28*o - 30. Give h(10).
50
Let g(r) = 333*r + 672. Give g(-2).
6
Let o(t) = 1188*t - 16627. What is o(14)?
5
Let q(x) = -10*x**2 + 14*x - 8. Calculate q(2).
-20
Let k(v) = 22*v - 150. Calculate k(10).
70
Let l(h) = -h**3 + 25*h**2 + 1. Calculate l(0).
1
Let j(n) = -2*n**3 - 64*n**2 + 62*n - 138. Give j(-33).
-6
Let z(l) = -2*l**2 + 18*l + 232. Calculate z(-7).
8
Let v(k) = -568*k - 4560. Determine v(-8).
-16
Let v(m) = m**3 + 25*m**2 + 112*m - 27. Give v(-19).
11
Let q(j) = 46*j**2 + 30*j - 30. What is q(1)?
46
Let m(h) = -h**3 + 17*h**2 + 63*h + 20. Give m(20).
80
Let v(z) = -2*z**3 + 37*z**2 - 19*z + 9. Determine v(18).
-9
Let i(s) = s**3 - 86*s**2 + 85*s + 12. Determine i(85).
12
Let h(x) = x**3 + 8*x**2 + 22*x - 8. Calculate h(-5).
-43
Let r(f) = 357*f - 23925. Give r(67).
-6
Let x(k) = -3*k**2 - 21*k + 86. Calculate x(-10).
-4
Let m(t) = -3*t + 263. Give m(88).
-1
Let w(t) = 711*t + 2164. What is w(-3)?
31
Let d(w) = w**2 - 42*w + 243. Give d(35).
-2
Let a(b) = b**3 + 93*b**2 - 295*b - 668. What is a(-96)?
4
Let q(i) = 10*i - 240. Calculate q(-28).
-520
Let c(b) = b**3 - 3*b**2 - 162*b - 661. Give c(-4).
-125
Let a(f) = f**3 + 31*f**2 - 141*f - 36. Calculate a(-35).
-1
Let i(k) = 2*k**2 + 126*k - 593. Give i(-68).
87
Let z(o) = 96*o + 1245. Determine z(-13).
-3
Let p(r) = 211*r - 3612. Determine p(17).
-25
Let r(p) = -175*p**2 + 5*p - 7. Calculate r(1).
-177
Let r(o) = -358*o - 98102. Give r(-274).
-10
Let q(d) = -d**3 + 14*d**2 + 122*d + 2. What is q(-6)?
-10
Let z(f) = 2*f**3 + 44*f**2 + 244*f + 22. Calculate z(-11).
0
Let o(f) = 8*f**2 + 98*f - 56. Calculate o(-13).
22
Let b(z) = -13*z**2 + 344*z - 159. Give b(26).
-3
Let b(j) = j**3 + 42*j**2 - 1067*j + 773. Calculate b(-60).
-7
Let d(o) = -45*o**3 + 5*o**2 - 9*o - 33. Determine d(-2).
365
Let j(p) = -p**3 + 15*p**2 - 9*p - 16. What is j(11)?
369
Let t(b) = b**3 + 6*b**2 + 5*b - 24. Calculate t(3).
72
Let n(o) = 2*o**3 - 16*o**2 + 15*o + 9. Determine n(5).
-66
Let v(j) = 16*j - 151. Determine v(7).
-39
Let z(q) = 2*q**3 + 8*q**2 - 40*q + 115. Determine z(3).
121
Let w(k) = 3*k**3 + 237*k**2 - 2*k - 152. Give w(-79).
6
Let n(i) = i**3 - 3*i**2 - 4*i + 12. Determine n(4).
12
Let a(r) = -r**3 - 19*r**2 - 25*r - 18. What is a(-18)?
108
Let p(r) = r**2 + 9*r - 2. Calculate p(0).
-2
Let q(d) = -4*d**2 + 77*d - 45. Give q(21).
-192
Let s(f) = 3*f**3 - 7*f**2 - 3*f + 2. Determine s(4).
70
Let x(u) = -9*u**2 - 127*u - 15. Calculate x(-14).
-1
Let m(q) = q**3 - 7*q**2 - 4*q - 5. Give m(7).
-33
Let b(v) = 5*v**2 - 11*v - 37. Give b(7).
131
Let s(t) = 49*t - 3023. Give s(62).
15
Let q(f) = 135*f - 762. Calculate q(5).
-87
Let w(g) = -24*g + 131. Calculate w(5).
11
Let d(r) = 16650*r + 149849. What is d(-9)?
-1
Let w(m) = -104*m + 2987. Give w(29).
-29
Let k(q) = -q**2 - 99*q - 636. What is k(-92)?
8
Let n(h) = -h**3 + 9*h**2 + 9*h - 27. Give n(8).
109
Let b(u) = -29*u + 445. What is b(16)?
-19
Let v(n) = -n**2 + 45*n - 10. Calculate v(45).
-10
Let j(k) = -2*k**2 + 25*k - 63. Determine j(6).
15
Let g(d) = -d**2 + d + 204. What is g(15)?
-6
Let b(n) = n**2 - 28*n + 40. Calculate b(17).
-147
Let q(y) = -4*y**2 - 43*y + 520. Determine q(12).
-572
Let w(s) = 9*s**2 - 133*s + 483. Determine w(8).
-5
Let d(m) = 34238*m + 171184. Calculate d(-5).
-6
Let y(t) = -241*t + 4103. Determine y(17).
6
Let b(c) = -105*c**2 - 7352*c - 95. Determine b(-70).
45
Let j(n) = -n**2 - 37*n + 21. What is j(-32)?
181
Let f(n) = -21*n - 796. What is f(-36)?
-40
Let j(s) = -420*s**2 + 1680*s - 7. Calculate j(4).
-7
Let k(d) = -8*d**2 - 76*d - 50. Give k(-8).
46
Let h(k) = -4*k**3 + 6*k**2 + 4*k - 1. Give h(-3).
149
Let v(n) = n**3 + 44*n**2 - 81*n + 513. Calculate v(-46).
7
Let x(a) = 3918*a + 3917. Determine x(-1).
-1
Let m(b) = -2*b**2 - 40*b + 20. What is m(-24)?
-172
Let h(l) = l**3 + 25*l**2 + 111*l - 57. What is h(-19)?
0
Let s(z) = 31*z**2 + 982*z - 317. Calculate s(-32).
3
Let f(q) = q**3 + 27*q**2 - 95*q - 150. Determine f(-30).
0
Let z(b) = 268*b + 3214. Give z(-12).
-2
Let v(j) = j - 122. Calculate v(0).
-122
Let k(m) = 29*m - 28. Give k(4).
88
Let z(q) = -43*q**2 + 4815*q + 226. Calculate z(112).
114
Let k(o) = 136*o - 812. Calculate k(6).
4
Let w(p) = -136*p - 5592. Calculate w(-41).
-16
Let k(j) = -6*j**2 - 78*j + 3. Determine k(-13).
3
Let w(y) = 287*y + 6334. Calculate w(-22).
20
Let n(c) = c**3 - 235*c**2 - 7079*c + 1301. What is n(262)?
-9
Let n(w) = -45*w**3 + w**2 + 14*w - 13. Determine n(1).
-43
Let l(v) = v**3 + 20*v**2 + 33*v + 303. Give l(-19).
37
Let b(x) = -x**2 - 7*x + 170. Give b(-18).
-28
Let o(r) = -r**3 - 16*r**2 - 30*r + 24. Determine o(-14).
52
Let k(c) = 26*c**3 + 1146*c**2 + 89*c + 49. What is k(-44)?
5
Let i(a) = -11*a - 329. Calculate i(-28).
-21
Let y(t) = 82*t - 4091. What is y(50)?
9
Let v(i) = 3*i**2 + 31*i + 36. Give v(-10).
26
Let w(v) = v**3 - 35*v**2 - 39*v + 125. Calculate w(36).
17
Let s(o) = 43*o - 1018. What is s(24)?
14
Let b(g) = g**2 - 55*g + 764. Determine b(16).
140
Let g(u) = u**3 - 28*u**2 - 55*u + 73. Calculate g(30).
223
Let u(j) = -j**3 - 81*j**2 - 308*j - 9. Calculate u(-77).
-9
Let i(x) = -6*x**2 - 34*x - 38. Calculate i(-1).
-10
Let w(k) = k**3 - 53*k**2 + 99*k + 165. Give w(51).
12
Let l(u) = -2*u**2 - 27*u - 90. Give l(-5).
-5
Let q(w) = 5*w + 160. Give q(-37).
-25
Let t(p) = 528*p + 7483. Calculate t(-14).
91
Let v(c) = 42*c - 3954. What is v(94)?
-6
Let g(u) = -57*u - 4754. Determine g(-83).
-23
Let a(c) = 2*c**3 + 204*c**2 - 1525*c + 36. What is a(-109)?
-73
Let y(a) = a**2 - 99*a + 980. Determine y(81).
-478
Let a(v) = -7*v**2 - 483*v - 5. Calculate a(-69).
-5
Let c(y) = y**2 + 192*y + 4423. What is c(-165)?
-32
Let p(u) = u**3 + 92*u**2 + 2051*u - 29. What is p(-38)?
9
Let m(i) = -i**2 - 10*i - 73. Calculate m(-1